CRAN Package Check Results for Package fdakma

Last updated on 2020-05-30 07:49:21 CEST.

Flavor Version Tinstall Tcheck Ttotal Status Flags
r-devel-linux-x86_64-debian-clang 1.2.1 5.66 31.31 36.97 NOTE
r-devel-linux-x86_64-debian-gcc 1.2.1 4.61 24.27 28.88 NOTE
r-devel-linux-x86_64-fedora-clang 1.2.1 45.05 NOTE
r-devel-linux-x86_64-fedora-gcc 1.2.1 43.21 NOTE
r-devel-windows-ix86+x86_64 1.2.1 11.00 48.00 59.00 NOTE
r-patched-linux-x86_64 1.2.1 5.72 31.02 36.74 NOTE
r-patched-solaris-x86 1.2.1 59.90 NOTE
r-release-linux-x86_64 1.2.1 4.88 30.94 35.82 NOTE
r-release-osx-x86_64 1.2.1 NOTE
r-release-windows-ix86+x86_64 1.2.1 7.00 44.00 51.00 NOTE
r-oldrel-osx-x86_64 1.2.1 NOTE
r-oldrel-windows-ix86+x86_64 1.2.1 8.00 50.00 58.00 NOTE

Check Details

Version: 1.2.1
Check: R code for possible problems
Result: NOTE
    kma : best_warping: no visible global function definition for 'approx'
    kma : best_warping_only.dilation: no visible global function definition
     for 'approx'
    kma : best_warping_only.shift: no visible global function definition
     for 'approx'
    kma: no visible global function definition for 'is'
    kma: no visible global function definition for 'approx'
    kma: no visible global function definition for 'loess'
    kma: no visible global function definition for 'predict'
    kma: no visible global function definition for 'optim'
    kma : f.sann: no visible global function definition for 'runif'
    kma.compare: no visible global function definition for 'dev.new'
    kma.compare: no visible global function definition for 'points'
    kma.compare: no visible global function definition for 'box'
    kma.compare: no visible global function definition for 'axis'
    kma.compare: no visible global function definition for 'title'
    kma.compare: no visible global function definition for 'legend'
    kma.compare: no visible global function definition for 'lines'
    kma.show.results: no visible global function definition for 'rainbow'
    kma.show.results: no visible global function definition for 'dev.new'
    kma.show.results: no visible global function definition for 'matplot'
    kma.show.results: no visible global function definition for 'title'
    kma.show.results: no visible global function definition for 'lines'
    kma.show.results: no visible global function definition for 'legend'
    kma.show.results: no visible global function definition for 'abline'
    kma.show.results: no visible global function definition for 'boxplot'
    kma.show.results: no visible global function definition for 'axis'
    kma.similarity: no visible global function definition for 'approx'
    Undefined global functions or variables:
     abline approx axis box boxplot dev.new is legend lines loess matplot
     optim points predict rainbow runif title
    Consider adding
     importFrom("grDevices", "dev.new", "rainbow")
     importFrom("graphics", "abline", "axis", "box", "boxplot", "legend",
     "lines", "matplot", "points", "title")
     importFrom("methods", "is")
     importFrom("stats", "approx", "loess", "optim", "predict", "runif")
    to your NAMESPACE file (and ensure that your DESCRIPTION Imports field
    contains 'methods').
Flavors: r-devel-linux-x86_64-debian-clang, r-devel-linux-x86_64-debian-gcc, r-devel-linux-x86_64-fedora-clang, r-devel-linux-x86_64-fedora-gcc, r-devel-windows-ix86+x86_64, r-patched-linux-x86_64, r-patched-solaris-x86, r-release-linux-x86_64, r-release-osx-x86_64, r-release-windows-ix86+x86_64

Version: 1.2.1
Check: R code for possible problems
Result: NOTE
    kma : best_warping: no visible global function definition for ‘approx’
    kma : best_warping_only.dilation: no visible global function definition
     for ‘approx’
    kma : best_warping_only.shift: no visible global function definition
     for ‘approx’
    kma: no visible global function definition for ‘is’
    kma: no visible global function definition for ‘approx’
    kma: no visible global function definition for ‘loess’
    kma: no visible global function definition for ‘predict’
    kma: no visible global function definition for ‘optim’
    kma : f.sann: no visible global function definition for ‘runif’
    kma.compare: no visible global function definition for ‘dev.new’
    kma.compare: no visible global function definition for ‘plot’
    kma.compare: no visible global function definition for ‘points’
    kma.compare: no visible global function definition for ‘box’
    kma.compare: no visible global function definition for ‘axis’
    kma.compare: no visible global function definition for ‘title’
    kma.compare: no visible global function definition for ‘legend’
    kma.compare: no visible global function definition for ‘lines’
    kma.show.results: no visible global function definition for ‘rainbow’
    kma.show.results: no visible global function definition for ‘dev.new’
    kma.show.results: no visible global function definition for ‘matplot’
    kma.show.results: no visible global function definition for ‘title’
    kma.show.results: no visible global function definition for ‘lines’
    kma.show.results: no visible global function definition for ‘legend’
    kma.show.results: no visible global function definition for ‘plot’
    kma.show.results: no visible global function definition for ‘abline’
    kma.show.results: no visible global function definition for ‘boxplot’
    kma.show.results: no visible global function definition for ‘axis’
    kma.similarity: no visible global function definition for ‘approx’
    Undefined global functions or variables:
     abline approx axis box boxplot dev.new is legend lines loess matplot
     optim plot points predict rainbow runif title
    Consider adding
     importFrom("grDevices", "dev.new", "rainbow")
     importFrom("graphics", "abline", "axis", "box", "boxplot", "legend",
     "lines", "matplot", "plot", "points", "title")
     importFrom("methods", "is")
     importFrom("stats", "approx", "loess", "optim", "predict", "runif")
    to your NAMESPACE file (and ensure that your DESCRIPTION Imports field
    contains 'methods').
Flavors: r-oldrel-osx-x86_64, r-oldrel-windows-ix86+x86_64